{"id":71,"date":"2018-12-21T17:55:20","date_gmt":"2018-12-21T17:55:20","guid":{"rendered":"https:\/\/the7.io\/g-creative\/?page_id=8"},"modified":"2023-07-16T22:29:43","modified_gmt":"2023-07-16T22:29:43","slug":"services","status":"publish","type":"page","link":"https:\/\/www.ilustracion-cientifica.com\/?page_id=71","title":{"rendered":"SERVICIOS"},"content":{"rendered":"\n<h2 class=\"wp-block-heading has-text-align-center\">ILUSTRACI\u00d3N CIENT\u00cdFICA Y M\u00c9DICA<\/h2>\n\n\n\n<figure class=\"wp-block-pullquote has-text-align-center has-accent-color has-white-background-color has-text-color has-background\" style=\"border-radius:0px;font-size:5px;font-style:normal;font-weight:100\"><blockquote><p><mark style=\"background-color:rgba(0, 0, 0, 0)\" class=\"has-inline-color has-light-gray-color\">Trabajamos ilustraciones cient\u00edficas para sus publicaciones, ilustraci\u00f3n m\u00e9dica para art\u00edculos, infograf\u00edas explicativas para procedimientos y grafismo a medida para las necesidades de nuestros clientes.<\/mark><\/p><\/blockquote><\/figure>\n\n\n\n<div class=\"wp-block-columns is-layout-flex wp-container-core-columns-is-layout-9d6595d7 wp-block-columns-is-layout-flex\">\n<div class=\"wp-block-column is-layout-flow wp-block-column-is-layout-flow\" style=\"flex-basis:66.66%\">\n<div class=\"wp-block-group\"><div class=\"wp-block-group__inner-container is-layout-constrained wp-block-group-is-layout-constrained\">\n<p>Somos un estudio de ilustraci\u00f3n espa\u00f1ol ubicado en un municipio de la Comunidad de Madrid, con m\u00e1s de 15 a\u00f1os de experiencia en el sector y un amplio curriculum de publicaciones y clientes.<\/p>\n\n\n\n<p><\/p>\n\n\n\n<p>Nuestro objetivo es proporcionar soluciones gr\u00e1ficas para las necesidades de nuestros clientes.<\/p>\n\n\n\n<p>Realizamos un estudio previo de la necesidad de la publicaci\u00f3n, habitualmente guiado por el autor o autora del texto a ilustrar. La elaboraci\u00f3n de el o los bocetos previos finaliza el estudio con las correcciones indicadas por el cliente. El trabajo gr\u00e1fico se adapta completamente a la necesidad de la publicaci\u00f3n.&nbsp;<\/p>\n\n\n\n<p>En la primera etapa elaboramos el perfil de la t\u00e9cnica y dimensiones que necesita el texto a ilustrar seg\u00fan los gustos expresados. Las t\u00e9cnicas pueden ir desde t\u00e9cnicas tradicionales con pincel o l\u00e1pices a t\u00e9cnicas digitales como ilustraci\u00f3n digital o vectorial. El resultado final lo entregamos seg\u00fan se nos requiera, f\u00edsicamente como arte final, impresi\u00f3n, archivo digital o publicaci\u00f3n completamente editada y maquetada lista para imprenta.<\/p>\n<\/div><\/div>\n<\/div>\n\n\n\n<div class=\"wp-block-column is-layout-flow wp-block-column-is-layout-flow\" style=\"flex-basis:33.33%\">\n<figure class=\"wp-block-image size-full\"><img fetchpriority=\"high\" decoding=\"async\" width=\"536\" height=\"860\" src=\"https:\/\/www.ilustracion-cientifica.com\/wp-content\/uploads\/2023\/07\/BANNER-ESTUDIO.jpg\" alt=\"\" class=\"wp-image-594\" srcset=\"https:\/\/www.ilustracion-cientifica.com\/wp-content\/uploads\/2023\/07\/BANNER-ESTUDIO.jpg 536w, https:\/\/www.ilustracion-cientifica.com\/wp-content\/uploads\/2023\/07\/BANNER-ESTUDIO-187x300.jpg 187w\" sizes=\"(max-width: 536px) 100vw, 536px\" \/><\/figure>\n<\/div>\n<\/div>\n\n\n\n<hr class=\"wp-block-separator has-text-color has-accent-color has-alpha-channel-opacity has-accent-background-color has-background is-style-wide\"\/>\n\n\n\n<figure class=\"wp-block-gallery has-nested-images columns-8 is-cropped wp-block-gallery-1 is-layout-flex wp-block-gallery-is-layout-flex\">\n<figure class=\"wp-block-image size-large\"><img decoding=\"async\" width=\"300\" height=\"300\" data-id=\"699\" src=\"https:\/\/www.ilustracion-cientifica.com\/wp-content\/uploads\/2023\/07\/IACES-LOGOS.jpg\" alt=\"\" class=\"wp-image-699\" srcset=\"https:\/\/www.ilustracion-cientifica.com\/wp-content\/uploads\/2023\/07\/IACES-LOGOS.jpg 300w, https:\/\/www.ilustracion-cientifica.com\/wp-content\/uploads\/2023\/07\/IACES-LOGOS-150x150.jpg 150w\" sizes=\"(max-width: 300px) 100vw, 300px\" \/><\/figure>\n\n\n\n<figure class=\"wp-block-image size-large\"><img decoding=\"async\" width=\"300\" height=\"300\" data-id=\"698\" src=\"https:\/\/www.ilustracion-cientifica.com\/wp-content\/uploads\/2023\/07\/FIC-LOGOS.jpg\" alt=\"\" class=\"wp-image-698\" srcset=\"https:\/\/www.ilustracion-cientifica.com\/wp-content\/uploads\/2023\/07\/FIC-LOGOS.jpg 300w, https:\/\/www.ilustracion-cientifica.com\/wp-content\/uploads\/2023\/07\/FIC-LOGOS-150x150.jpg 150w\" sizes=\"(max-width: 300px) 100vw, 300px\" \/><\/figure>\n\n\n\n<figure class=\"wp-block-image size-large\"><img loading=\"lazy\" decoding=\"async\" width=\"300\" height=\"300\" data-id=\"697\" src=\"https:\/\/www.ilustracion-cientifica.com\/wp-content\/uploads\/2023\/07\/EOM-LOGOS.jpg\" alt=\"\" class=\"wp-image-697\" srcset=\"https:\/\/www.ilustracion-cientifica.com\/wp-content\/uploads\/2023\/07\/EOM-LOGOS.jpg 300w, https:\/\/www.ilustracion-cientifica.com\/wp-content\/uploads\/2023\/07\/EOM-LOGOS-150x150.jpg 150w\" sizes=\"(max-width: 300px) 100vw, 300px\" \/><\/figure>\n\n\n\n<figure class=\"wp-block-image size-large\"><img loading=\"lazy\" decoding=\"async\" width=\"300\" height=\"300\" data-id=\"696\" src=\"https:\/\/www.ilustracion-cientifica.com\/wp-content\/uploads\/2023\/07\/ELSEVIER-LOGOS.jpg\" alt=\"\" class=\"wp-image-696\" srcset=\"https:\/\/www.ilustracion-cientifica.com\/wp-content\/uploads\/2023\/07\/ELSEVIER-LOGOS.jpg 300w, https:\/\/www.ilustracion-cientifica.com\/wp-content\/uploads\/2023\/07\/ELSEVIER-LOGOS-150x150.jpg 150w\" sizes=\"(max-width: 300px) 100vw, 300px\" \/><\/figure>\n\n\n\n<figure class=\"wp-block-image size-large\"><img loading=\"lazy\" decoding=\"async\" width=\"300\" height=\"300\" data-id=\"695\" src=\"https:\/\/www.ilustracion-cientifica.com\/wp-content\/uploads\/2023\/07\/CARDIORED-LOGOS.jpg\" alt=\"\" class=\"wp-image-695\" srcset=\"https:\/\/www.ilustracion-cientifica.com\/wp-content\/uploads\/2023\/07\/CARDIORED-LOGOS.jpg 300w, https:\/\/www.ilustracion-cientifica.com\/wp-content\/uploads\/2023\/07\/CARDIORED-LOGOS-150x150.jpg 150w\" sizes=\"(max-width: 300px) 100vw, 300px\" \/><\/figure>\n\n\n\n<figure class=\"wp-block-image size-large\"><img loading=\"lazy\" decoding=\"async\" width=\"300\" height=\"300\" data-id=\"693\" src=\"https:\/\/www.ilustracion-cientifica.com\/wp-content\/uploads\/2023\/07\/CUN-LOGOS.jpg\" alt=\"\" class=\"wp-image-693\" srcset=\"https:\/\/www.ilustracion-cientifica.com\/wp-content\/uploads\/2023\/07\/CUN-LOGOS.jpg 300w, https:\/\/www.ilustracion-cientifica.com\/wp-content\/uploads\/2023\/07\/CUN-LOGOS-150x150.jpg 150w\" sizes=\"(max-width: 300px) 100vw, 300px\" \/><\/figure>\n\n\n\n<figure class=\"wp-block-image size-large\"><img loading=\"lazy\" decoding=\"async\" width=\"300\" height=\"300\" data-id=\"692\" src=\"https:\/\/www.ilustracion-cientifica.com\/wp-content\/uploads\/2023\/07\/UNIVERSIDAD-DE-SEVILLA-LOGOS.jpg\" alt=\"\" class=\"wp-image-692\" srcset=\"https:\/\/www.ilustracion-cientifica.com\/wp-content\/uploads\/2023\/07\/UNIVERSIDAD-DE-SEVILLA-LOGOS.jpg 300w, https:\/\/www.ilustracion-cientifica.com\/wp-content\/uploads\/2023\/07\/UNIVERSIDAD-DE-SEVILLA-LOGOS-150x150.jpg 150w\" sizes=\"(max-width: 300px) 100vw, 300px\" \/><\/figure>\n\n\n\n<figure class=\"wp-block-image size-large\"><img loading=\"lazy\" decoding=\"async\" width=\"300\" height=\"300\" data-id=\"691\" src=\"https:\/\/www.ilustracion-cientifica.com\/wp-content\/uploads\/2023\/07\/MEDOS-LOGOS.jpg\" alt=\"\" class=\"wp-image-691\" srcset=\"https:\/\/www.ilustracion-cientifica.com\/wp-content\/uploads\/2023\/07\/MEDOS-LOGOS.jpg 300w, https:\/\/www.ilustracion-cientifica.com\/wp-content\/uploads\/2023\/07\/MEDOS-LOGOS-150x150.jpg 150w\" sizes=\"(max-width: 300px) 100vw, 300px\" \/><\/figure>\n<\/figure>\n\n\n\n<div class=\"wp-block-columns is-layout-flex wp-container-core-columns-is-layout-9d6595d7 wp-block-columns-is-layout-flex\">\n<div class=\"wp-block-column is-layout-flow wp-block-column-is-layout-flow\" style=\"flex-basis:33.33%\"><div class=\"wp-block-image\">\n<figure class=\"alignright size-full is-resized\"><img loading=\"lazy\" decoding=\"async\" src=\"https:\/\/www.ilustracion-cientifica.com\/wp-content\/uploads\/2023\/07\/orcid.png\" alt=\"\" class=\"wp-image-664\" width=\"175\" height=\"53\" srcset=\"https:\/\/www.ilustracion-cientifica.com\/wp-content\/uploads\/2023\/07\/orcid.png 350w, https:\/\/www.ilustracion-cientifica.com\/wp-content\/uploads\/2023\/07\/orcid-300x91.png 300w\" sizes=\"(max-width: 175px) 100vw, 175px\" \/><\/figure>\n<\/div><\/div>\n\n\n\n<div class=\"wp-block-column is-layout-flow wp-block-column-is-layout-flow\" style=\"flex-basis:66.66%\">\n<p class=\"has-text-align-center has-dark-gray-color has-text-color\"><a href=\"https:\/\/orcid.org\/0000-0002-0611-2447\"><strong>Codigo Orcid de Investigador 0000-0002-0611-2447<\/strong><\/a><\/p>\n\n\n\n<p class=\"has-text-align-center has-accent-color has-text-color\"><sup>Conectando investigadores. Clique para conocer el trabajo oficial.<\/sup><\/p>\n<\/div>\n<\/div>\n\n\n\n<hr class=\"wp-block-separator alignwide has-text-color has-accent-color has-alpha-channel-opacity has-accent-background-color has-background is-style-wide\"\/>\n\n\n\n<div style=\"height:40px\" aria-hidden=\"true\" class=\"wp-block-spacer\"><\/div>\n\n\n\n<div class=\"wp-block-media-text alignwide is-stacked-on-mobile\"><figure class=\"wp-block-media-text__media\"><img loading=\"lazy\" decoding=\"async\" width=\"1024\" height=\"791\" src=\"https:\/\/www.ilustracion-cientifica.com\/wp-content\/uploads\/2023\/07\/VASCULAR-TRIGEMINO-B-1024x791.jpg\" alt=\"\" class=\"wp-image-595 size-full\" srcset=\"https:\/\/www.ilustracion-cientifica.com\/wp-content\/uploads\/2023\/07\/VASCULAR-TRIGEMINO-B-1024x791.jpg 1024w, https:\/\/www.ilustracion-cientifica.com\/wp-content\/uploads\/2023\/07\/VASCULAR-TRIGEMINO-B-300x232.jpg 300w, https:\/\/www.ilustracion-cientifica.com\/wp-content\/uploads\/2023\/07\/VASCULAR-TRIGEMINO-B-768x593.jpg 768w, https:\/\/www.ilustracion-cientifica.com\/wp-content\/uploads\/2023\/07\/VASCULAR-TRIGEMINO-B.jpg 1299w\" sizes=\"(max-width: 1024px) 100vw, 1024px\" \/><\/figure><div class=\"wp-block-media-text__content\">\n<h3 class=\"wp-block-heading\">ILUSTRACI\u00d3N CIENT\u00cdFICA<\/h3>\n\n\n\n<p>Realizamos ilustraciones a medida de sus necesidades en el tama\u00f1o y t\u00e9cnica que necesite su publicaci\u00f3n. Las ilustraciones pueden trabajarse, bien en t\u00e9cnicas tradicionales como la acuarela o t\u00e9cnicas pictoricas a su elecci\u00f3n, o bien en soporte digital para enviar a imprenta o a formato digital.<\/p>\n\n\n\n<p><\/p>\n<\/div><\/div>\n\n\n\n<div class=\"wp-block-media-text alignwide has-media-on-the-right is-stacked-on-mobile\"><div class=\"wp-block-media-text__content\">\n<h3 class=\"wp-block-heading\">INFOGRAF\u00cdAS<\/h3>\n\n\n\n<p>A veces se necesita una infograf\u00eda que explique un proceso o una t\u00e9cnica. Cuando es as\u00ed, elegimos tipograf\u00edas, colores y estilos para explicar lo mejor posible el procedimiento o patolog\u00eda que requiera su publicaci\u00f3n.<\/p>\n\n\n\n<p>Si su necesidad es para imprimir o para publicar en un medio digital lo trabajamos de manera distinta para adaptarlo al soporte exigido.<\/p>\n<\/div><figure class=\"wp-block-media-text__media\"><img loading=\"lazy\" decoding=\"async\" width=\"1024\" height=\"658\" src=\"https:\/\/www.ilustracion-cientifica.com\/wp-content\/uploads\/2023\/07\/Fa6Mr5DWQAAnhJP-1024x658.jpg\" alt=\"\" class=\"wp-image-491 size-full\" srcset=\"https:\/\/www.ilustracion-cientifica.com\/wp-content\/uploads\/2023\/07\/Fa6Mr5DWQAAnhJP-1024x658.jpg 1024w, https:\/\/www.ilustracion-cientifica.com\/wp-content\/uploads\/2023\/07\/Fa6Mr5DWQAAnhJP-300x193.jpg 300w, https:\/\/www.ilustracion-cientifica.com\/wp-content\/uploads\/2023\/07\/Fa6Mr5DWQAAnhJP-768x494.jpg 768w, https:\/\/www.ilustracion-cientifica.com\/wp-content\/uploads\/2023\/07\/Fa6Mr5DWQAAnhJP.jpg 1400w\" sizes=\"(max-width: 1024px) 100vw, 1024px\" \/><\/figure><\/div>\n\n\n\n<div class=\"wp-block-media-text alignwide is-stacked-on-mobile\"><figure class=\"wp-block-media-text__media\"><img loading=\"lazy\" decoding=\"async\" width=\"1024\" height=\"658\" src=\"https:\/\/www.ilustracion-cientifica.com\/wp-content\/uploads\/2023\/07\/ILUSTRACION-3-COLOSTOMIA-2-min-1024x658.jpg\" alt=\"\" class=\"wp-image-489 size-full\" srcset=\"https:\/\/www.ilustracion-cientifica.com\/wp-content\/uploads\/2023\/07\/ILUSTRACION-3-COLOSTOMIA-2-min-1024x658.jpg 1024w, https:\/\/www.ilustracion-cientifica.com\/wp-content\/uploads\/2023\/07\/ILUSTRACION-3-COLOSTOMIA-2-min-300x193.jpg 300w, https:\/\/www.ilustracion-cientifica.com\/wp-content\/uploads\/2023\/07\/ILUSTRACION-3-COLOSTOMIA-2-min-768x494.jpg 768w, https:\/\/www.ilustracion-cientifica.com\/wp-content\/uploads\/2023\/07\/ILUSTRACION-3-COLOSTOMIA-2-min.jpg 1400w\" sizes=\"(max-width: 1024px) 100vw, 1024px\" \/><\/figure><div class=\"wp-block-media-text__content\">\n<h3 class=\"wp-block-heading\">ILUSTRACIONES M\u00c9DICAS Y ANAT\u00d3MICAS<\/h3>\n\n\n\n<p>Debido a nuestra experiencia, tenemos a nuestras espaldas numerosos libros y pubicaciones m\u00e9dicas, sobre fisioterapia, osteopat\u00eda, art\u00edculos m\u00e9dicos, en los cuales hemos colaborado gr\u00e1ficamente a mostrar lo que indica el texto del autor.&nbsp;<\/p>\n<\/div><\/div>\n\n\n\n<div class=\"wp-block-media-text alignwide has-media-on-the-right is-stacked-on-mobile\"><div class=\"wp-block-media-text__content\">\n<h3 class=\"wp-block-heading\">ARTE A MEDIDA<\/h3>\n\n\n\n<p>En ocasiones el evento o publicaci\u00f3n necesita de elementos especiales no convencionales. Un mural, un p\u00f3ster, una portada, un retoque fotogr\u00e1fico.<\/p>\n\n\n\n<p>Cada necesidad tiene una soluci\u00f3n; cada soluci\u00f3n tiene un resultado. Buscamos un resultadoque sea siempre el id\u00f3neo para usted.&nbsp;<\/p>\n<\/div><figure class=\"wp-block-media-text__media\"><img loading=\"lazy\" decoding=\"async\" width=\"1024\" height=\"658\" src=\"https:\/\/www.ilustracion-cientifica.com\/wp-content\/uploads\/2023\/07\/ejemplo-nuevo-de-cadera-min-1024x658.jpg\" alt=\"\" class=\"wp-image-492 size-full\" srcset=\"https:\/\/www.ilustracion-cientifica.com\/wp-content\/uploads\/2023\/07\/ejemplo-nuevo-de-cadera-min-1024x658.jpg 1024w, https:\/\/www.ilustracion-cientifica.com\/wp-content\/uploads\/2023\/07\/ejemplo-nuevo-de-cadera-min-300x193.jpg 300w, https:\/\/www.ilustracion-cientifica.com\/wp-content\/uploads\/2023\/07\/ejemplo-nuevo-de-cadera-min-768x494.jpg 768w, https:\/\/www.ilustracion-cientifica.com\/wp-content\/uploads\/2023\/07\/ejemplo-nuevo-de-cadera-min.jpg 1400w\" sizes=\"(max-width: 1024px) 100vw, 1024px\" \/><\/figure><\/div>\n\n\n\n<div style=\"height:70px\" aria-hidden=\"true\" class=\"wp-block-spacer\"><\/div>\n\n\n\n<hr class=\"wp-block-separator has-text-color has-accent-color has-alpha-channel-opacity has-accent-background-color has-background is-style-wide\"\/>\n\n\n\n<p class=\"has-text-align-center has-accent-color has-text-color\" style=\"font-size:24px\"><strong>\u00bfTiene un proyecto para nosotros?<\/strong><\/p>\n\n\n\n<h2 class=\"wp-block-heading has-text-align-center\">Cont\u00e1ctenos hoy mismo<\/h2>\n\n\n\n<div style=\"height:10px\" aria-hidden=\"true\" class=\"wp-block-spacer\"><\/div>\n\n\n\n<div class=\"wp-block-buttons is-horizontal is-content-justification-center is-layout-flex wp-container-core-buttons-is-layout-499968f5 wp-block-buttons-is-layout-flex\">\n<div class=\"wp-block-button aligncenter\"><a class=\"wp-block-button__link has-accent-background-color has-background wp-element-button\" href=\"\/g-creative\/contact\/\">\u00a1CONTACTE HOY!<\/a><\/div>\n<\/div>\n","protected":false},"excerpt":{"rendered":"<p>ILUSTRACI\u00d3N CIENT\u00cdFICA Y M\u00c9DICA Trabajamos ilustraciones cient\u00edficas para sus publicaciones, ilustraci\u00f3n m\u00e9dica para art\u00edculos, infograf\u00edas explicativas para procedimientos y grafismo a medida para las necesidades de nuestros clientes. Somos un estudio de ilustraci\u00f3n espa\u00f1ol ubicado en un municipio de la Comunidad de Madrid, con m\u00e1s de 15 a\u00f1os de experiencia en el sector y un&hellip;<\/p>\n","protected":false},"author":2,"featured_media":0,"parent":0,"menu_order":30,"comment_status":"closed","ping_status":"closed","template":"","meta":{"footnotes":""},"class_list":["post-71","page","type-page","status-publish","hentry","description-off"],"yoast_head":"<!-- This site is optimized with the Yoast SEO plugin v27.2 - https:\/\/yoast.com\/product\/yoast-seo-wordpress\/ -->\r\n<title>SERVICIOS - ILUSTRACI\u00d3N CIENT\u00cdFICA<\/title>\r\n<meta name=\"robots\" content=\"index, follow, max-snippet:-1, max-image-preview:large, max-video-preview:-1\" \/>\r\n<link rel=\"canonical\" href=\"https:\/\/www.ilustracion-cientifica.com\/?page_id=71\" \/>\r\n<meta property=\"og:locale\" content=\"es_ES\" \/>\r\n<meta property=\"og:type\" content=\"article\" \/>\r\n<meta property=\"og:title\" content=\"SERVICIOS - ILUSTRACI\u00d3N CIENT\u00cdFICA\" \/>\r\n<meta property=\"og:description\" content=\"ILUSTRACI\u00d3N CIENT\u00cdFICA Y M\u00c9DICA Trabajamos ilustraciones cient\u00edficas para sus publicaciones, ilustraci\u00f3n m\u00e9dica para art\u00edculos, infograf\u00edas explicativas para procedimientos y grafismo a medida para las necesidades de nuestros clientes. Somos un estudio de ilustraci\u00f3n espa\u00f1ol ubicado en un municipio de la Comunidad de Madrid, con m\u00e1s de 15 a\u00f1os de experiencia en el sector y un&hellip;\" \/>\r\n<meta property=\"og:url\" content=\"https:\/\/www.ilustracion-cientifica.com\/?page_id=71\" \/>\r\n<meta property=\"og:site_name\" content=\"ILUSTRACI\u00d3N CIENT\u00cdFICA\" \/>\r\n<meta property=\"article:modified_time\" content=\"2023-07-16T22:29:43+00:00\" \/>\r\n<meta property=\"og:image\" content=\"https:\/\/www.ilustracion-cientifica.com\/wp-content\/uploads\/2023\/07\/BANNER-ESTUDIO.jpg\" \/>\r\n<meta name=\"twitter:card\" content=\"summary_large_image\" \/>\r\n<meta name=\"twitter:label1\" content=\"Tiempo de lectura\" \/>\n\t<meta name=\"twitter:data1\" content=\"2 minutos\" \/>\r\n<script type=\"application\/ld+json\" class=\"yoast-schema-graph\">{\"@context\":\"https:\/\/schema.org\",\"@graph\":[{\"@type\":\"WebPage\",\"@id\":\"https:\/\/www.ilustracion-cientifica.com\/?page_id=71\",\"url\":\"https:\/\/www.ilustracion-cientifica.com\/?page_id=71\",\"name\":\"SERVICIOS - ILUSTRACI\u00d3N CIENT\u00cdFICA\",\"isPartOf\":{\"@id\":\"https:\/\/www.ilustracion-cientifica.com\/#website\"},\"primaryImageOfPage\":{\"@id\":\"https:\/\/www.ilustracion-cientifica.com\/?page_id=71#primaryimage\"},\"image\":{\"@id\":\"https:\/\/www.ilustracion-cientifica.com\/?page_id=71#primaryimage\"},\"thumbnailUrl\":\"https:\/\/www.ilustracion-cientifica.com\/wp-content\/uploads\/2023\/07\/BANNER-ESTUDIO.jpg\",\"datePublished\":\"2018-12-21T17:55:20+00:00\",\"dateModified\":\"2023-07-16T22:29:43+00:00\",\"breadcrumb\":{\"@id\":\"https:\/\/www.ilustracion-cientifica.com\/?page_id=71#breadcrumb\"},\"inLanguage\":\"es\",\"potentialAction\":[{\"@type\":\"ReadAction\",\"target\":[\"https:\/\/www.ilustracion-cientifica.com\/?page_id=71\"]}]},{\"@type\":\"ImageObject\",\"inLanguage\":\"es\",\"@id\":\"https:\/\/www.ilustracion-cientifica.com\/?page_id=71#primaryimage\",\"url\":\"https:\/\/www.ilustracion-cientifica.com\/wp-content\/uploads\/2023\/07\/BANNER-ESTUDIO.jpg\",\"contentUrl\":\"https:\/\/www.ilustracion-cientifica.com\/wp-content\/uploads\/2023\/07\/BANNER-ESTUDIO.jpg\",\"width\":536,\"height\":860},{\"@type\":\"BreadcrumbList\",\"@id\":\"https:\/\/www.ilustracion-cientifica.com\/?page_id=71#breadcrumb\",\"itemListElement\":[{\"@type\":\"ListItem\",\"position\":1,\"name\":\"Portada\",\"item\":\"https:\/\/www.ilustracion-cientifica.com\/\"},{\"@type\":\"ListItem\",\"position\":2,\"name\":\"SERVICIOS\"}]},{\"@type\":\"WebSite\",\"@id\":\"https:\/\/www.ilustracion-cientifica.com\/#website\",\"url\":\"https:\/\/www.ilustracion-cientifica.com\/\",\"name\":\"ILUSTRACI\u00d3N CIENT\u00cdFICA\",\"description\":\"Estudio de ilustraci\u00f3n para medios cient\u00edficos y m\u00e9dicos\",\"potentialAction\":[{\"@type\":\"SearchAction\",\"target\":{\"@type\":\"EntryPoint\",\"urlTemplate\":\"https:\/\/www.ilustracion-cientifica.com\/?s={search_term_string}\"},\"query-input\":{\"@type\":\"PropertyValueSpecification\",\"valueRequired\":true,\"valueName\":\"search_term_string\"}}],\"inLanguage\":\"es\"}]}<\/script>\r\n<!-- \/ Yoast SEO plugin. -->","yoast_head_json":{"title":"SERVICIOS - ILUSTRACI\u00d3N CIENT\u00cdFICA","robots":{"index":"index","follow":"follow","max-snippet":"max-snippet:-1","max-image-preview":"max-image-preview:large","max-video-preview":"max-video-preview:-1"},"canonical":"https:\/\/www.ilustracion-cientifica.com\/?page_id=71","og_locale":"es_ES","og_type":"article","og_title":"SERVICIOS - ILUSTRACI\u00d3N CIENT\u00cdFICA","og_description":"ILUSTRACI\u00d3N CIENT\u00cdFICA Y M\u00c9DICA Trabajamos ilustraciones cient\u00edficas para sus publicaciones, ilustraci\u00f3n m\u00e9dica para art\u00edculos, infograf\u00edas explicativas para procedimientos y grafismo a medida para las necesidades de nuestros clientes. Somos un estudio de ilustraci\u00f3n espa\u00f1ol ubicado en un municipio de la Comunidad de Madrid, con m\u00e1s de 15 a\u00f1os de experiencia en el sector y un&hellip;","og_url":"https:\/\/www.ilustracion-cientifica.com\/?page_id=71","og_site_name":"ILUSTRACI\u00d3N CIENT\u00cdFICA","article_modified_time":"2023-07-16T22:29:43+00:00","og_image":[{"url":"https:\/\/www.ilustracion-cientifica.com\/wp-content\/uploads\/2023\/07\/BANNER-ESTUDIO.jpg","type":"","width":"","height":""}],"twitter_card":"summary_large_image","twitter_misc":{"Tiempo de lectura":"2 minutos"},"schema":{"@context":"https:\/\/schema.org","@graph":[{"@type":"WebPage","@id":"https:\/\/www.ilustracion-cientifica.com\/?page_id=71","url":"https:\/\/www.ilustracion-cientifica.com\/?page_id=71","name":"SERVICIOS - ILUSTRACI\u00d3N CIENT\u00cdFICA","isPartOf":{"@id":"https:\/\/www.ilustracion-cientifica.com\/#website"},"primaryImageOfPage":{"@id":"https:\/\/www.ilustracion-cientifica.com\/?page_id=71#primaryimage"},"image":{"@id":"https:\/\/www.ilustracion-cientifica.com\/?page_id=71#primaryimage"},"thumbnailUrl":"https:\/\/www.ilustracion-cientifica.com\/wp-content\/uploads\/2023\/07\/BANNER-ESTUDIO.jpg","datePublished":"2018-12-21T17:55:20+00:00","dateModified":"2023-07-16T22:29:43+00:00","breadcrumb":{"@id":"https:\/\/www.ilustracion-cientifica.com\/?page_id=71#breadcrumb"},"inLanguage":"es","potentialAction":[{"@type":"ReadAction","target":["https:\/\/www.ilustracion-cientifica.com\/?page_id=71"]}]},{"@type":"ImageObject","inLanguage":"es","@id":"https:\/\/www.ilustracion-cientifica.com\/?page_id=71#primaryimage","url":"https:\/\/www.ilustracion-cientifica.com\/wp-content\/uploads\/2023\/07\/BANNER-ESTUDIO.jpg","contentUrl":"https:\/\/www.ilustracion-cientifica.com\/wp-content\/uploads\/2023\/07\/BANNER-ESTUDIO.jpg","width":536,"height":860},{"@type":"BreadcrumbList","@id":"https:\/\/www.ilustracion-cientifica.com\/?page_id=71#breadcrumb","itemListElement":[{"@type":"ListItem","position":1,"name":"Portada","item":"https:\/\/www.ilustracion-cientifica.com\/"},{"@type":"ListItem","position":2,"name":"SERVICIOS"}]},{"@type":"WebSite","@id":"https:\/\/www.ilustracion-cientifica.com\/#website","url":"https:\/\/www.ilustracion-cientifica.com\/","name":"ILUSTRACI\u00d3N CIENT\u00cdFICA","description":"Estudio de ilustraci\u00f3n para medios cient\u00edficos y m\u00e9dicos","potentialAction":[{"@type":"SearchAction","target":{"@type":"EntryPoint","urlTemplate":"https:\/\/www.ilustracion-cientifica.com\/?s={search_term_string}"},"query-input":{"@type":"PropertyValueSpecification","valueRequired":true,"valueName":"search_term_string"}}],"inLanguage":"es"}]}},"_links":{"self":[{"href":"https:\/\/www.ilustracion-cientifica.com\/index.php?rest_route=\/wp\/v2\/pages\/71","targetHints":{"allow":["GET"]}}],"collection":[{"href":"https:\/\/www.ilustracion-cientifica.com\/index.php?rest_route=\/wp\/v2\/pages"}],"about":[{"href":"https:\/\/www.ilustracion-cientifica.com\/index.php?rest_route=\/wp\/v2\/types\/page"}],"author":[{"embeddable":true,"href":"https:\/\/www.ilustracion-cientifica.com\/index.php?rest_route=\/wp\/v2\/users\/2"}],"replies":[{"embeddable":true,"href":"https:\/\/www.ilustracion-cientifica.com\/index.php?rest_route=%2Fwp%2Fv2%2Fcomments&post=71"}],"version-history":[{"count":17,"href":"https:\/\/www.ilustracion-cientifica.com\/index.php?rest_route=\/wp\/v2\/pages\/71\/revisions"}],"predecessor-version":[{"id":701,"href":"https:\/\/www.ilustracion-cientifica.com\/index.php?rest_route=\/wp\/v2\/pages\/71\/revisions\/701"}],"wp:attachment":[{"href":"https:\/\/www.ilustracion-cientifica.com\/index.php?rest_route=%2Fwp%2Fv2%2Fmedia&parent=71"}],"curies":[{"name":"wp","href":"https:\/\/api.w.org\/{rel}","templated":true}]}}